, 113
List the prime factors of 5814.
2, 3, 17, 19
List the prime factors of 423.
3, 47
List the prime factors of 163.
163
List the prime factors of 201.
3, 67
What are the prime factors of 65589?
3, 21863
List the prime factors of 190.
2, 5, 19
List the prime factors of 2930.
2, 5, 293
What are the prime factors of 11324?
2, 19, 149
What are the prime factors of 10220?
2, 5, 7, 73
List the prime factors of 5730.
2, 3, 5, 191
List the prime factors of 513.
3, 19
List the prime factors of 1753.
1753
List the prime factors of 8545.
5, 1709
List the prime factors of 1337.
7, 191
List the prime factors of 2511.
3, 31
What are the prime factors of 1674?
2, 3, 31
What are the prime factors of 1016?
2, 127
List the prime factors of 159.
3, 53
List the prime factors of 2587.
13, 199
What are the prime factors of 164787?
3, 7, 19, 59
List the prime factors of 846.
2, 3, 47
List the prime factors of 2410.
2, 5, 241
What are the prime factors of 2780?
2, 5, 139
What are the prime factors of 260?
2, 5, 13
List the prime factors of 595.
5, 7, 17
What are the prime factors of 50000?
2, 5
What are the prime factors of 2764?
2, 691
List the prime factors of 73407.
3, 24469
What are the prime factors of 742?
2, 7, 53
What are the prime factors of 4907?
7, 701
List the prime factors of 440.
2, 5, 11
What are the prime factors of 3628?
2, 907
List the prime factors of 89987.
29, 107
List the prime factors of 4460.
2, 5, 223
List the prime factors of 88.
2, 11
What are the prime factors of 967?
967
What are the prime factors of 1262?
2, 631
What are the prime factors of 1262?
2, 631
List the prime factors of 4196.
2, 1049
What are the prime factors of 7318?
2, 3659
What are the prime factors of 4257?
3, 11, 43
What are the prime factors of 10915?
5, 37, 59
List the prime factors of 14177.
14177
List the prime factors of 6635.
5, 1327
List the prime factors of 7938.
2, 3, 7
List the prime factors of 27543.
3, 9181
List the prime factors of 119818.
2, 139, 431
What are the prime factors of 304?
2, 19
What are the prime factors of 53267?
53267
What are the prime factors of 2941?
17, 173
What are the prime factors of 5239?
13, 31
List the prime factors of 1357.
23, 59
What are the prime factors of 3294?
2, 3, 61
What are the prime factors of 3517?
3517
List the prime factors of 46001.
157, 293
List the prime factors of 12179.
19, 641
What are the prime factors of 104484?
2, 3, 8707
List the prime factors of 184.
2, 23
What are the prime factors of 36259?
101, 359
List the prime factors of 885.
3, 5, 59
List the prime factors of 4134.
2, 3, 13, 53
What are the prime factors of 1187?
1187
What are the prime factors of 1803?
3, 601
List the prime factors of 39666.
2, 3, 11, 601
What are the prime factors of 1004?
2, 251
List the prime factors of 3319.
3319
List the prime factors of 502.
2, 251
List the prime factors of 19692.
2, 3, 547
List the prime factors of 15219.
3, 19, 89
List the prime factors of 1540.
2, 5, 7, 11
List the prime factors of 1523.
1523
What are the prime factors of 997?
997
What are the prime factors of 5875?
5, 47
What are the prime factors of 12327?
3, 7, 587
What are the prime factors of 9199?
9199
What are the prime factors of 1053?
3, 13
What are the prime factors of 1186?
2, 593
List the prime factors of 627.
3, 11, 19
List the prime factors of 3076.
2, 769
What are the prime factors of 141545?
5, 28309
What are the prime factors of 28545?
3, 5, 11, 173
List the prime factors of 25324.
2, 13, 487
List the prime factors of 8376.
2, 3, 349
List the prime factors of 17547.
3, 5849
List the prime factors of 2593.
2593
What are the prime factors of 19451?
53, 367
List the prime factors of 797.
797
What are the prime factors of 1345?
5, 269
What are the prime factors of 52217?
11, 47, 101
What are the prime factors of 16254?
2, 3, 7, 43
List the prime factors of 3600.
2, 3, 5
What are the prime factors of 5944?
2, 743
List the prime factors of 1101.
3, 367
What are the prime factors of 32284?
2, 7, 1153
List the prime factors of 8431.
8431
List the prime factors of 27809.
27809
What are the prime factors of 16897?
61, 277
What are the prime factors of 7718?
2, 17, 227
What are the prime factors of 1351?
7, 193
List the prime factors of 2530.
2, 5, 11, 23
What are the prime factors of 8181?
3, 101
List the prime factors of 146.
2, 73
List the prime factors of 41.
41
What are the prime factors of 18841?
83, 227
What are the prime factors of 41?
41
List the prime factors of 31830.
2, 3, 5, 1061
What are the prime factors of 5451?
3, 23, 79
List the prime factors of 3460.
2, 5, 173
List the prime factors of 565.
5, 113
What are the prime factors of 59092?
2, 11, 17, 79
What are the prime factors of 328?
2, 41
What are the prime factors of 129071?
337, 383
List the prime factors of 1632.
2, 3, 17
List the prime factors of 1235.
5, 13, 19
List the prime factors of 15353.
13, 1181
What are the prime factors of 65403?
3, 13, 43
List the prime factors of 1259.
1259
What are the prime factors of 86496?
2, 3, 17, 53
What are the prime factors of 588?
2, 3, 7
What are the prime factors of 4213?
11, 383
List the prime factors of 52932.
2, 3, 11, 401
What are the prime factors of 5598?
2, 3, 311
List the prime factors of 1912.
2, 239
List the prime factors of 3761.
3761
List the prime factors of 5039.
5039
What are the prime factors of 110919?
3, 36973
What are the prime factors of 31399?
17, 1847
What are the prime factors of 96538?
2, 13, 47, 79
What are the prime factors of 7382?
2, 3691
What are the prime factors of 22370?
2, 5, 2237
List the prime factors of 19085.
5, 11, 347
List the prime factors of 768.
2, 3
List the prime factors of 6596.
2, 17, 97
What are the prime factors of 20042?
2, 11, 911
List the prime factors of 791.
7, 113
List the prime factors of 792.
2, 3, 11
What are the prime factors of 13374?
2, 3, 743
What are the prime factors of 355?
5, 71
List the prime factors of 41429.
17, 2437
List the prime factors of 46685.
5, 9337
List the prime factors of 1256.
2, 157
What are the prime factors of 1075?
5, 43
List the prime factors of 1049.
1049
List the prime factors of 1599.
3, 13, 41
List the prime factors of 14819.
7, 29, 73
What are the prime factors of 592?
2, 37
What are the prime factors of 65545?
5, 13109
What are the prime factors of 698?
2, 349
List the prime factors of 3407.
3407
What are the prime factors of 5135?
5, 13, 79
List the prime factors of 1285.
5, 257
What are the prime factors of 1645?
5, 7, 47
What are the prime factors of 11682?
2, 3, 11, 59
List the prime factors of 1172.
2, 293
List the prime factors of 76252.
2, 11, 1733
List the prime factors of 60386.
2, 109, 277
List the prime factors of 36978.
2, 3, 6163
List the prime factors of 75686.
2, 13, 41, 71
What are the prime factors of 4051?
4051
List the prime factors of 1665.
3, 5, 37
List the prime factors of 19736.
2, 2467
What are the prime factors of 6160?
2, 5, 7, 11
What are the prime factors of 122282?
2, 61141
What are the prime factors of 10399?
10399
List the prime factors of 992.
2, 31
List the prime factors of 115580.
2, 5, 5779
List the prime factors of 35345.
5, 7069
What are the prime factors of 5677?
7, 811
What are the prime factors of 3354?
2, 3, 13, 43
List the prime factors of 660.
2, 3, 5, 11
List the prime factors of 3429.
3, 127
List the prime factors of 10160.
2, 5, 127
List the prime factors of 27446.
2, 13723
List the prime factors of 1954.
2, 977
What are the prime factors of 364?
2, 7, 13
What are the prime factors of 37064?
2, 41, 113
What are the prime factors of 30632?
2, 7, 547
List the prime factors of 807.
3, 269
List the prime factors of 1242.
2, 3, 23
What are the prime factors of 6872?
2, 859
List the prime factors of 1742.
2, 13, 67
List the prime factors of 2067.
3, 13, 53
What are the prime factors of 999?
3, 37
What are the prime factors of 12796?
2, 7, 457
What are the prime factors of 3310?
2, 5, 331
What are the prime factors of 8306?
2, 4153
What are the prime factors of 1768?
2, 13, 17
List the prime factors of 24296.
2, 3037
List the prime factors of 5991.
3, 1997
What are the prime factors of 1471?
1471
List the prime factors of 2297.
2297
What are the prime factors of 820?
2, 5, 41
What are the prime factors of